at is m(-131)?
83
Let k(p) = -30919*p + 1762405. What is k(57)?
22
Let k(m) = -m**2 + 311*m + 8744. Determine k(-27).
-382
Let o(m) = -4522*m - 456864. Give o(-101).
-142
Let m(c) = c**2 - 373*c - 22931. What is m(-53)?
-353
Let c(n) = 1910*n - 76473. Determine c(40).
-73
Let p(i) = -3*i**2 + 131*i - 572. What is p(38)?
74
Let p(x) = -6*x**3 + 336*x**2 + 343*x - 110. Give p(57).
-53
Let y(k) = -167749*k + 19962130. Determine y(119).
-1
Let s(u) = 9146*u + 100905. Determine s(-11).
299
Let j(q) = -q**3 + 53*q**2 + 76*q - 1187. Determine j(54).
1
Let l(w) = 1945*w + 10989. What is l(-5)?
1264
Let v(h) = -47563*h - 142698. Give v(-3).
-9
Let a(r) = -16*r**2 + 10628*r - 2697. What is a(664)?
-41
Let q(g) = -9*g**2 - 134*g - 1783. Give q(-15).
-1798
Let n(t) = -3*t**3 - 44*t**2 + 39*t + 517. Determine n(-15).
157
Let c(n) = -4*n**2 + 2336*n - 182688. Calculate c(93).
-36
Let j(y) = -y**3 - 4*y**2 - 189*y + 11. Give j(0).
11
Let o(u) = -u**2 - 459*u - 20758. Determine o(-49).
-668
Let p(u) = 14539*u + 72721. Give p(-5).
26
Let a(z) = 21222*z - 190984. Determine a(9).
14
Let o(q) = -1095*q + 7079. Give o(7).
-586
Let a(r) = -14*r**2 - 10*r + 55. Determine a(-2).
19
Let n(h) = 418295*h + 5437822. Determine n(-13).
-13
Let i(w) = 79*w**2 + 193*w - 41. What is i(-3)?
91
Let b(w) = -3*w**3 + 84*w**2 + 103*w - 562. Give b(29).
-98
Let w(d) = 2*d**3 + 26*d**2 - 1104*d - 13554. What is w(-12)?
-18
Let d(g) = g**3 - 116*g**2 + 2398*g - 8471. Determine d(21).
-8
Let u(c) = -2*c**3 - 21*c**2 + 131*c + 1017. What is u(-11)?
-303
Let m(z) = -z**2 - 259*z + 601799. What is m(657)?
-13
Let l(h) = -886*h + 21325. Give l(25).
-825
Let c(b) = -1075*b + 58135. What is c(54)?
85
Let f(z) = 7*z**2 + 278*z + 2500. Calculate f(-11).
289
Let k(x) = -2*x**3 + 2*x**2 + 56954*x - 113901. Give k(2).
-1
Let c(x) = -438*x - 24446. Determine c(-59).
1396
Let t(m) = m**3 + 25*m**2 + 194*m + 669. Determine t(-6).
189
Let q(n) = -8*n**3 + 236*n**2 + 10571*n + 705. Calculate q(54).
3
Let p(d) = -2*d**2 + 32*d + 194. Give p(-11).
-400
Let i(r) = -29*r**2 - 13*r - 358. Calculate i(0).
-358
Let g(r) = 14498*r - 57776. Calculate g(4).
216
Let m(h) = -2*h**3 + 474*h**2 - 2334*h + 3203. Give m(232).
-45
Let k(p) = -22*p**3 - 17*p**2 + 65*p - 49. Give k(1).
-23
Let t(v) = -809*v**2 + 208*v - 207. What is t(1)?
-808
Let a(y) = 4*y**2 - 3533*y - 265883. Calculate a(953).
4
Let j(x) = -43*x**2 - 1715*x + 9633. Calculate j(5).
-17
Let h(j) = 110*j - 236. Determine h(15).
1414
Let y(p) = p**3 - 442*p**2 + 888*p - 3156. Determine y(440).
364
Let m(y) = -2131*y**2 - 4291*y - 62. Calculate m(-2).
-4
Let k(z) = -z**3 + 16*z**2 - 40*z - 258. Calculate k(14).
-426
Let n(o) = o**3 + 13*o**2 - 236*o - 236. What is n(11)?
72
Let i(z) = 40*z**3 + 840*z**2 + 7*z + 138. What is i(-21)?
-9
Let i(u) = u**2 + 213*u - 4451. Give i(23).
977
Let z(p) = 806407*p - 17740950. Calculate z(22).
4
Let s(v) = 10*v**2 + 634*v + 4889. Give s(-9).
-7
Let y(j) = 28*j**2 - 334*j + 11. What is y(8)?
-869
Let i(h) = 658*h - 13359. Determine i(20).
-199
Let s(x) = -6*x**2 - 83*x - 168. Give s(-17).
-491
Let l(y) = 3*y**3 + 21*y**2 + 34*y + 128. Give l(-9).
-664
Let v(c) = -c**3 - 12*c**2 + 336*c + 3631. Determine v(-10).
71
Let x(z) = -923*z + 47060. Determine x(51).
-13
Let z(c) = 77*c**2 + 57*c - 10. Determine z(-1).
10
Let h(m) = 2*m**2 - 194*m + 9717. Calculate h(59).
5233
Let q(y) = -52*y**3 - 156*y**2 + y - 25. What is q(-3)?
-28
Let c(b) = -2*b**2 + 43*b - 619. Determine c(17).
-466
Let d(i) = 11*i**2 - 72*i - 2313. Give d(20).
647
Let f(x) = 6899*x + 710891. Calculate f(-103).
294
Let v(y) = -1404*y + 2647. Give v(2).
-161
Let o(k) = -k**3 + 70*k**2 + 804*k + 441. Give o(80).
761
Let k(y) = 153562*y - 16277579. What is k(106)?
-7
Let i(v) = 21*v**3 - 339*v**2 - 307*v + 21. What is i(17)?
4
Let f(d) = -2*d**3 - 47*d**2 - 95*d + 447. Give f(-5).
-3
Let s(l) = 74*l**2 + 3631*l + 240. What is s(-49)?
-5
Let n(t) = -206*t**2 - 2156*t + 1220. What is n(-11)?
10
Let f(w) = 3*w**3 + 31*w**2 + 15*w - 20. What is f(-7)?
365
Let d(r) = 6428*r - 3387547. Determine d(527).
9
Let s(x) = -x**2 + 860*x - 29654. Calculate s(36).
10
Let h(u) = 6527*u - 51871. What is h(8)?
345
Let i(q) = 7190*q + 639845. Calculate i(-89).
-65
Let r(x) = 1940*x + 56170. What is r(-29)?
-90
Let t(j) = 7*j**2 + 23*j + 29. Calculate t(5).
319
Let v(q) = 25*q**2 - 1439*q + 5770. Calculate v(4).
414
Let w(d) = -4*d**3 + 9*d**2 + 95*d - 539. What is w(10)?
-2689
Let l(q) = -q**2 - 168*q + 13155. Give l(60).
-525
Let r(b) = 2*b**2 + 1609*b + 32299. Give r(-20).
919
Let s(w) = 8*w**3 - 10*w**2 - 35*w - 119. Determine s(-5).
-1194
Let f(j) = 3167*j - 2682452. Give f(847).
-3
Let g(c) = 94*c**3 + 3*c**2 - 65*c + 171. What is g(3)?
2541
Let k(v) = 154729*v - 309469. Give k(2).
-11
Let t(c) = 59*c**2 + 2178*c - 13. What is t(-37)?
172
Let j(n) = 3*n**3 + 967*n**2 + 332*n + 3229. Give j(-322).
9
Let h(x) = -x**3 - 1124*x**2 + 3375*x + 11. What is h(3)?
-7
Let s(i) = 456017*i + 5928231. Determine s(-13).
10
Let l(p) = 424*p + 85322. Give l(-202).
-326
Let b(v) = -421*v + 76871. Calculate b(174).
3617
Let m(f) = -11*f**3 + 2*f**2 + 9*f + 25. Give m(5).
-1255
Let h(k) = -k**3 - 48*k**2 - 8509*k - 346799. Calculate h(-42).
-5
Let f(b) = 1787*b + 203798. What is f(-114)?
80
Let g(t) = -1782*t + 110493. Calculate g(62).
9
Let u(k) = 21458*k + 107309. Calculate u(-5).
19
Let z(b) = 7*b**3 - 2*b**2 + 36021*b - 36021. Determine z(1).
5
Let f(a) = -a**3 + 33*a**2 - 11*a - 741. Determine f(32).
-69
Let x(t) = 45*t**2 - 76*t - 4811. Calculate x(0).
-4811
Let o(c) = -8227*c + 33287. Calculate o(4).
379
Let w(j) = -2*j**3 + 225*j**2 - 89*j - 1521. What is w(112)?
1055
Let f(h) = 17*h**2 - 1682*h - 1810. Calculate f(100).
-10
Let j(r) = -104244*r - 521229. Give j(-5).
-9
Let d(o) = 1789*o - 2227. Give d(1).
-438
Let a(l) = -1883*l + 15061. What is a(8)?
-3
Let t(h) = -h**3 - 181*h**2 - 1627*h + 6542. Give t(3).
5
Let c(l) = 8365*l + 10815945. What is c(-1293)?
0
Let j(h) = 2675*h**2 + 265*h + 261. Determine j(-1).
2671
Let l(y) = y**3 - 254*y**2 - 2831*y + 719059. What is l(254)?
-15
Let o(t) = -1454*t - 20264. Give o(-14).
92
Let u(x) = 25*x**2 - 67*x - 205. What is u(-3)?
221
Let i(t) = 2811*t**2 + 16831*t - 36. Calculate i(-6).
174
Let o(n) = -2942*n - 35339. Determine o(-12).
-35
Let u(x) = -14*x**3 - 76*x**2 + 161*x + 23. Calculate u(-7).
-26
Let d(z) = -301977*z - 1509849. What is d(-5)?
36
Let x(b) = 2*b**3 - 256*b**2 - 269*b + 2183. Determine x(129).
764
Let d(u) = -2*u**3 - 280*u**2 - 178*u + 13850. Give d(-139).
-50
Let d(i) = 2*i**2 + 619*i - 53565. Determine d(-380).
15
Let h(v) = 100*v**3 + 3*v**2 + 131*v - 269. Give h(2).
805
Let z(g) = -2*g + 121. Calculate z(-28).
177
Let r(v) = 3723*v - 539835. Determine r(145).
0
Let w(q) = 20*q**2 + 77*q + 272. Give w(-5).
387
Let b(y) = 49*y**2 + 1773*y + 12975. Determine b(-26).
1
Let i(p) = -21251*p - 977518. Calculate i(-46).
28
Let r(b) = -200*b - 6234. Give r(-27).
-834
Let h(r) = -315*r + 74045. Calculate h(235).
20
Let l(q) = -49*q - 8936. What is l(-178)?
-214
Let a(f) = -2329*f - 203392. Calculate a(-87).
-769
Let d(k) = -8028*k + 82898. Calculate d(11).
-5410
Let u(b) = 2*b**3 + 145*b**2 - 202*b + 1162. Determine u(-74).
-318
Let t(w) = -2207*w + 2672727. What is t(1211)?
50
Let z(m) = -33259*m + 15. Determine z(0).
15
Let h(k) = 4*k**3 + 59*k**2 + 4*k + 335. Determine h(-15).
50
Let v(i) = 2*i**3 - 641*i**2 + 27269*i + 264. Calculate v(270).
-6
Let j(g) = -130*g + 48. Give j(-3).
438
Let c(t) = -6*t**2 + 65*t - 330. Determine c(26).
-2696
Let k(w) = 33*w**2 - 7732*w - 766. What is k(234)?
-3106
Let u(y) = -350*y + 7877. Give u(21).
527
Let y(p) = -p**3 - 59*p**2 + 249*p + 3912. Determine y(-62).
6
Let j(v) = 2*v**2 - 1376*v + 57864. What is j(45)?
-6
Let m(n) = -648699*n + 2594791. Calculate m(4).
-5
Let i(g) = 87103*g + 3397048. Calculate i(-39).
31
Let x(q) = -1121*q - 14063. What is x(-11)?
-1732
Let g(l) = l**3 + 172*l**2 - 2818*l + 182. Calculate g(15).
-13
Let g(h) = -5*h**2 + 278*h - 1914. Calculate g(47).
107
Let m(u) = u**3 + 27*u**2 - 73*u - 2579. What is m(-26)?
-5
Let n(x) = 8*x**2 + 34*x + 200. Calculate n(-9).
542
Let q(n) = 423*n - 40220. Determine q(95).
-35
Let d(i) = -i**2 - 107*i - 2469. What is